4535.
3, 5, 17, 4057
What are the prime factors of 5420858?
2, 17, 159437
List the prime factors of 871994.
2, 435997
What are the prime factors of 3805737?
3, 13, 97583
What are the prime factors of 42124?
2, 10531
List the prime factors of 313687.
11, 28517
List the prime factors of 700941.
3, 31, 7537
What are the prime factors of 11521848?
2, 3, 13, 36929
List the prime factors of 1323750.
2, 3, 5, 353
What are the prime factors of 6226139?
97, 64187
List the prime factors of 519206.
2, 259603
What are the prime factors of 245937?
3, 73, 1123
What are the prime factors of 194403?
3, 11, 43, 137
List the prime factors of 2778509.
79, 35171
What are the prime factors of 1521081?
3, 169009
List the prime factors of 127824.
2, 3, 2663
What are the prime factors of 211760?
2, 5, 2647
List the prime factors of 2213987.
907, 2441
What are the prime factors of 325255?
5, 7, 9293
What are the prime factors of 2066775?
3, 5, 17, 1621
What are the prime factors of 360737?
13, 27749
What are the prime factors of 432856?
2, 61, 887
What are the prime factors of 1998936?
2, 3, 27763
What are the prime factors of 12448010?
2, 5, 41, 97, 313
List the prime factors of 2830862.
2, 43, 32917
List the prime factors of 2169313.
2169313
What are the prime factors of 20270751?
3, 23, 53, 241
What are the prime factors of 7642406?
2, 3821203
List the prime factors of 338829.
3, 53, 2131
What are the prime factors of 203105?
5, 7, 829
What are the prime factors of 403532?
2, 79, 1277
What are the prime factors of 2647521?
3, 294169
What are the prime factors of 577757?
577757
List the prime factors of 2442044.
2, 11, 55501
List the prime factors of 34605000.
2, 3, 5, 769
What are the prime factors of 263149?
79, 3331
List the prime factors of 26019.
3, 7, 59
What are the prime factors of 8656990?
2, 5, 251, 3449
What are the prime factors of 833438?
2, 416719
What are the prime factors of 23390062?
2, 17, 199, 3457
What are the prime factors of 24296712?
2, 3, 11, 92033
What are the prime factors of 14105722?
2, 41, 172021
What are the prime factors of 19804?
2, 4951
What are the prime factors of 717743?
13, 31, 137
List the prime factors of 421640.
2, 5, 83, 127
List the prime factors of 1348920.
2, 3, 5, 1249
List the prime factors of 2703637.
2703637
List the prime factors of 122225.
5, 4889
List the prime factors of 6637075.
5, 265483
What are the prime factors of 149943?
3, 151, 331
List the prime factors of 2492630.
2, 5, 7, 5087
List the prime factors of 26192653.
23, 53, 21487
What are the prime factors of 1084509?
3, 4463
List the prime factors of 1288032.
2, 3, 13417
What are the prime factors of 20038398?
2, 3, 353, 9461
What are the prime factors of 18680771?
2999, 6229
List the prime factors of 2754745.
5, 7, 78707
List the prime factors of 158844.
2, 3, 7, 31, 61
List the prime factors of 7464881.
7464881
List the prime factors of 1988520.
2, 3, 5, 73, 227
What are the prime factors of 658994?
2, 7, 103, 457
What are the prime factors of 322542?
2, 3, 11, 181
List the prime factors of 889436.
2, 229, 971
What are the prime factors of 16081371?
3, 17, 105107
What are the prime factors of 319639?
319639
What are the prime factors of 649063?
649063
What are the prime factors of 1898590?
2, 5, 189859
List the prime factors of 275614.
2, 19, 7253
List the prime factors of 174963.
3, 58321
What are the prime factors of 168842?
2, 84421
List the prime factors of 7032444.
2, 3, 586037
What are the prime factors of 1998812?
2, 43, 11621
What are the prime factors of 368035?
5, 73607
List the prime factors of 3918904.
2, 11, 44533
List the prime factors of 16452152.
2, 41, 50159
What are the prime factors of 1376764?
2, 491, 701
List the prime factors of 430903.
11, 43, 911
List the prime factors of 5094618.
2, 3, 849103
List the prime factors of 15737155.
5, 7, 17, 26449
What are the prime factors of 447918?
2, 3, 74653
What are the prime factors of 231122?
2, 115561
List the prime factors of 12445602.
2, 3, 13, 379, 421
What are the prime factors of 16526399?
1223, 13513
What are the prime factors of 336592?
2, 109, 193
List the prime factors of 1265712.
2, 3, 7, 3767
List the prime factors of 1728565.
5, 23, 15031
What are the prime factors of 14338393?
43, 333451
List the prime factors of 689038.
2, 7, 79, 89
What are the prime factors of 898478?
2, 7, 29, 2213
List the prime factors of 974688.
2, 3, 11, 13, 71
What are the prime factors of 1465545?
3, 5, 41, 2383
List the prime factors of 4682198.
2, 1109, 2111
List the prime factors of 1000379.
127, 7877
What are the prime factors of 16769215?
5, 1031, 3253
List the prime factors of 26803726.
2, 13401863
List the prime factors of 47626.
2, 23813
List the prime factors of 3135403.
3135403
List the prime factors of 260935.
5, 23, 2269
What are the prime factors of 1072995?
3, 5, 7, 11, 929
What are the prime factors of 211878?
2, 3, 79, 149
List the prime factors of 1741156.
2, 43, 53, 191
List the prime factors of 388212.
2, 3, 11, 17, 173
What are the prime factors of 82836?
2, 3, 13, 59
What are the prime factors of 470313?
3, 17419
List the prime factors of 39139201.
3109, 12589
List the prime factors of 336779.
307, 1097
What are the prime factors of 21060891?
3, 260011
List the prime factors of 6598304.
2, 206197
List the prime factors of 6846211.
6846211
What are the prime factors of 353089?
11, 32099
What are the prime factors of 1634964?
2, 3, 136247
List the prime factors of 1742797.
7, 248971
What are the prime factors of 379514?
2, 189757
What are the prime factors of 4662013?
271, 17203
List the prime factors of 1491433.
37, 173, 233
What are the prime factors of 191229?
3, 63743
What are the prime factors of 3365356?
2, 19, 44281
What are the prime factors of 34689916?
2, 29, 97, 3083
List the prime factors of 1427290.
2, 5, 53, 2693
List the prime factors of 5630523.
3, 1876841
What are the prime factors of 1459160?
2, 5, 36479
What are the prime factors of 234978?
2, 3, 39163
What are the prime factors of 12433831?
12433831
What are the prime factors of 445085?
5, 89017
What are the prime factors of 2253549?
3, 751183
What are the prime factors of 2694988?
2, 673747
What are the prime factors of 20609901?
3, 13, 176153
List the prime factors of 5557966.
2, 29, 79, 1213
List the prime factors of 25656555.
3, 5, 19, 90023
List the prime factors of 250731.
3, 13, 2143
List the prime factors of 287168.
2, 7, 641
List the prime factors of 21062827.
83, 253769
List the prime factors of 33784.
2, 41, 103
List the prime factors of 110309.
47, 2347
What are the prime factors of 4894354?
2, 23, 103, 1033
What are the prime factors of 252910?
2, 5, 7, 3613
List the prime factors of 1189579.
1189579
What are the prime factors of 358335?
3, 5, 7963
List the prime factors of 1320609.
3, 440203
What are the prime factors of 1439954?
2, 59, 12203
What are the prime factors of 14910972?
2, 3, 17, 19, 3847
List the prime factors of 594606.
2, 3, 113, 877
What are the prime factors of 940743?
3, 104527
List the prime factors of 3265373.
3265373
List the prime factors of 201764.
2, 50441
List the prime factors of 631344.
2, 3, 7, 1879
List the prime factors of 1928214.
2, 3, 107123
List the prime factors of 34438163.
34438163
What are the prime factors of 2855965?
5, 7, 11657
List the prime factors of 9438286.
2, 11, 13, 61, 541
List the prime factors of 1561499.
1561499
What are the prime factors of 575035?
5, 19, 6053
List the prime factors of 3659563.
73, 50131
List the prime factors of 257005.
5, 7, 1049
List the prime factors of 100590.
2, 3, 5, 7, 479
List the prime factors of 6910388.
2, 1727597
What are the prime factors of 124219?
17, 7307
What are the prime factors of 2258914?
2, 7, 47, 3433
What are the prime factors of 3960113?
19, 257, 811
What are the prime factors of 985919?
11, 47, 1907
List the prime factors of 782789.
7, 111827
What are the prime factors of 604756?
2, 151189
What are the prime factors of 6025862?
2, 23, 101, 1297
What are the prime factors of 487177?
487177
List the prime factors of 16368981.
3, 5456327
List the prime factors of 3995886.
2, 3, 665981
What are the prime factors of 3590803?
53, 67751
What are the prime factors of 7548471?
3, 7, 13313
What are the prime fac